of 160497841?
7
What is the ten millions digit of 54704172?
5
What is the thousands digit of 659718?
9
What is the tens digit of 1202562843?
4
What is the thousands digit of 4644861?
4
What is the thousands digit of 252627115?
7
What is the hundred millions digit of 653653400?
6
What is the billions digit of 1695891211?
1
What is the tens digit of 217764744?
4
What is the units digit of 573682978?
8
What is the ten thousands digit of 2429248744?
4
What is the ten thousands digit of 52623097?
2
What is the hundreds digit of 8313648309?
3
What is the ten millions digit of 2356585287?
5
What is the tens digit of 190669535?
3
What is the hundred millions digit of 5659478211?
6
What is the units digit of 199612109?
9
What is the thousands digit of 167132900?
2
What is the hundred millions digit of 5059652176?
0
What is the billions digit of 2365705495?
2
What is the thousands digit of 2500057003?
7
What is the hundreds digit of 1158863210?
2
What is the units digit of 8050020?
0
What is the millions digit of 39009630?
9
What is the hundreds digit of 74700798?
7
What is the thousands digit of 490728818?
8
What is the thousands digit of 8140371?
0
What is the ten thousands digit of 430113126?
1
What is the hundred millions digit of 466919466?
4
What is the tens digit of 43814115?
1
What is the ten thousands digit of 2716345148?
4
What is the ten millions digit of 11615709?
1
What is the ten millions digit of 249796720?
4
What is the units digit of 2831509995?
5
What is the millions digit of 102412919?
2
What is the tens digit of 1954564893?
9
What is the ten millions digit of 933133527?
3
What is the units digit of 3170856?
6
What is the millions digit of 1041922576?
1
What is the ten thousands digit of 16079281?
7
What is the ten millions digit of 131980343?
3
What is the hundred thousands digit of 406794262?
7
What is the millions digit of 796551837?
6
What is the units digit of 835996029?
9
What is the tens digit of 2730832548?
4
What is the thousands digit of 147772746?
2
What is the hundred thousands digit of 49740170?
7
What is the units digit of 115310152?
2
What is the units digit of 67072831?
1
What is the thousands digit of 1623921892?
1
What is the ten millions digit of 31084087?
3
What is the ten millions digit of 61841942?
6
What is the units digit of 17463284?
4
What is the billions digit of 1686003295?
1
What is the hundred thousands digit of 1372959574?
9
What is the hundreds digit of 184960367?
3
What is the ten millions digit of 523401604?
2
What is the units digit of 2185813142?
2
What is the thousands digit of 25681159?
1
What is the hundred thousands digit of 4762736870?
7
What is the hundreds digit of 6702392985?
9
What is the billions digit of 1333898370?
1
What is the ten thousands digit of 118028944?
2
What is the thousands digit of 11483063?
3
What is the hundred thousands digit of 713825386?
8
What is the units digit of 20044632?
2
What is the thousands digit of 137704381?
4
What is the hundreds digit of 266423680?
6
What is the units digit of 171800822?
2
What is the ten thousands digit of 162250754?
5
What is the units digit of 7114601403?
3
What is the ten millions digit of 231703102?
3
What is the ten millions digit of 1359828543?
5
What is the thousands digit of 246421037?
1
What is the tens digit of 458113128?
2
What is the hundred thousands digit of 871450006?
4
What is the hundreds digit of 911883150?
1
What is the millions digit of 38237141?
8
What is the millions digit of 541892367?
1
What is the thousands digit of 6982384?
2
What is the ten thousands digit of 1410884268?
8
What is the millions digit of 230198673?
0
What is the thousands digit of 122036343?
6
What is the millions digit of 136999302?
6
What is the hundreds digit of 610156726?
7
What is the hundred thousands digit of 70124505?
1
What is the ten thousands digit of 614914579?
1
What is the thousands digit of 197684734?
4
What is the hundred millions digit of 1151210634?
1
What is the ten millions digit of 22890512?
2
What is the units digit of 144730489?
9
What is the units digit of 9204274?
4
What is the hundred thousands digit of 67264405?
2
What is the tens digit of 54513214?
1
What is the ten thousands digit of 22329911?
2
What is the units digit of 507924988?
8
What is the thousands digit of 95741305?
1
What is the ten thousands digit of 66194798?
9
What is the hundreds digit of 36409682?
6
What is the hundred thousands digit of 445464868?
4
What is the hundreds digit of 23408162?
1
What is the thousands digit of 3692800638?
0
What is the billions digit of 3016370079?
3
What is the units digit of 73518688?
8
What is the ten thousands digit of 1179954499?
5
What is the ten thousands digit of 173354841?
5
What is the hundred thousands digit of 2666340388?
3
What is the ten thousands digit of 651695580?
9
What is the tens digit of 201713285?
8
What is the ten thousands digit of 414091594?
9
What is the ten millions digit of 62619364?
6
What is the units digit of 421087742?
2
What is the hundred thousands digit of 21569827?
5
What is the ten millions digit of 129840869?
2
What is the thousands digit of 1184523259?
3
What is the hundreds digit of 235948651?
6
What is the ten millions digit of 35030825?
3
What is the hundred thousands digit of 1029713549?
7
What is the hundred thousands digit of 722705892?
7
What is the millions digit of 66725602?
6
What is the millions digit of 34106317?
4
What is the billions digit of 1160181252?
1
What is the thousands digit of 37618067?
8
What is the thousands digit of 1960235020?
5
What is the thousands digit of 1024973397?
3
What is the ten millions digit of 46137782?
4
What is the hundred thousands digit of 2100594364?
5
What is the millions digit of 851587319?
1
What is the tens digit of 22151535?
3
What is the units digit of 8591114?
4
What is the hundreds digit of 85141173?
1
What is the hundred thousands digit of 3714852094?
8
What is the ten millions digit of 1084274262?
8
What is the ten thousands digit of 204726186?
2
What is the tens digit of 504449676?
7
What is the units digit of 4343086612?
2
What is the hundred millions digit of 2131318059?
1
What is the hundred millions digit of 487340499?
4
What is the thousands digit of 276582949?
2
What is the millions digit of 299567264?
9
What is the ten millions digit of 5977355273?
7
What is the tens digit of 38309751?
5
What is the tens digit of 2321070375?
7
What is the tens digit of 156708001?
0
What is the thousands digit of 308682886?
2
What is the ten thousands digit of 841969997?
6
What is the units digit of 17939924?
4
What is the units digit of 225380468?
8
What is the ten thousands digit of 1423926374?
2
What is the tens digit of 1340878124?
2
What is the tens digit of 288216539?
3
What is the tens digit of 83791023?
2
What is the tens digit of 932972302?
0
What is the tens digit of 306912311?
1
What is the tens digit of 58286062?
6
What is the hundreds digit of 4623932?
9
What is the ten thousands digit of 6136813187?
1
What is the tens digit of 497734508?
0
What is the thousands digit of 212725852?
5
What is the millions digit of 27441347?
7
What is the tens digit of 1650636100?
0
What is the thousands digit of 158885073?
5
What is the ten millions digit of 142341716?
4
What is the hundreds digit of 230323463?
4
What is the hundred millions digit of 5517849771?
5
What is the tens digit of 45225815?
1
What is the hundred thousands digit of 141035874?
0
What is the hundred thousands digit of 38327103?
3
What is the hundreds digit of 20102758?
7
What is the ten thousands digit of 984723952?
2
What is the hundred millions digit of 1566538433?
5
What is the millions digit of 12240633?
2
What is the millions digit of 1785229864?
5
What is the ten thousands digit of 605192025?
9
What is the millions digit of 1365996378?
5
What is the ten thousands digit of 3363007584?
0
What is the tens digit of 321423028?
2
What is the units digit of 2053956427?
7
What is the hundreds digit of 6150752291?
2
What is the millions digit of 5725658?
5
What is the ten thousands digit of 617376262?
7
What is the ten millions digit of 83890504?
8
What is the tens digit of 519307423?
2
What is the units digit of 2047053173?
3
What is the ten thousands digit of 240646228?
4